{"id":4240,"date":"2014-11-06T01:51:13","date_gmt":"2014-11-05T23:51:13","guid":{"rendered":"http:\/\/wordpress.p235598.webspaceconfig.de\/?page_id=4240"},"modified":"2026-03-03T11:38:56","modified_gmt":"2026-03-03T10:38:56","slug":"angebot-anfordern","status":"publish","type":"page","link":"https:\/\/www.prosoft.de\/shop\/service-support\/angebot-anfordern\/","title":{"rendered":"Angebot anfordern"},"content":{"rendered":"<div  class='flex_column av-ohohlc-1afabc0c2dea545bcc3393f4bc71dd17 av_one_full  avia-builder-el-0  el_before_av_contact  avia-builder-el-first  first flex_column_div  '     ><p>\n<style type=\"text\/css\" data-created_by=\"avia_inline_auto\" id=\"style-css-av-2axk4g-8ed1fe0805d815ba9e12a7830f3c945d\">\n#top .av-special-heading.av-2axk4g-8ed1fe0805d815ba9e12a7830f3c945d{\npadding-bottom:10px;\n}\nbody .av-special-heading.av-2axk4g-8ed1fe0805d815ba9e12a7830f3c945d .av-special-heading-tag .heading-char{\nfont-size:25px;\n}\n.av-special-heading.av-2axk4g-8ed1fe0805d815ba9e12a7830f3c945d .av-subheading{\nfont-size:15px;\n}\n<\/style>\n<div  class='av-special-heading av-2axk4g-8ed1fe0805d815ba9e12a7830f3c945d av-special-heading-h2 blockquote modern-quote  avia-builder-el-1  el_before_av_textblock  avia-builder-el-first '><h2 class='av-special-heading-tag '  itemprop=\"headline\"  >Nehmen Sie Kontakt mit uns auf \u2013 unverbindliches Angebot anfordern<\/h2><div class=\"special-heading-border\"><div class=\"special-heading-inner-border\"><\/div><\/div><\/div><br \/>\n<section  class='av_textblock_section av-24804w-a183adc88df7e061bd19067bd05b0672 '   itemscope=\"itemscope\" itemtype=\"https:\/\/schema.org\/CreativeWork\" ><div class='avia_textblock'  itemprop=\"text\" ><p>Fordern Sie gleich Ihr unverbindliches Angebot an und erfahren Sie mehr \u00fcber die bei ProSecurity angebotenen L\u00f6sungen.<br \/>\nWir bieten Sonderpreise f\u00fcr Beh\u00f6rden, Bildungseinrichtungen und Non-Profit-Organisationen und Projektpreise bei gr\u00f6\u00dferen Anfragen.<\/p>\n<p>Felder mit * sind Pflichtfelder, um Ihr Anliegen zu bearbeiten. Wir verarbeiten Ihre Daten ausschlie\u00dflich gem\u00e4\u00df unserer <a href=\"https:\/\/www.prosoft.de\/datenschutzerklaerung\/\" target=\"_blank\" rel=\"noopener\">Datenschutzerkl\u00e4rung<\/a>.<\/p>\n<\/div><\/section><\/p><\/div><form action=\"https:\/\/www.prosoft.de\/shop\/service-support\/angebot-anfordern\/\" method=\"post\" data-fields-with-error=\"Fehler wurden in folgenden Feld(ern) gefunden:\" class=\"avia_ajax_form av-form-labels-visible   avia-builder-el-3  el_after_av_one_full  avia-builder-el-last   \" data-avia-form-id=\"1\" data-avia-redirect=''  aria-label='Formular' ><fieldset><p class='  first_form  form_element form_element_half' id='element_avia_1_1'><label for=\"avia_1_1\">Vorname <abbr class=\"required\" title=\"ben\u00f6tigt\">*<\/abbr><\/label> <input name=\"avia_1_1\" class=\"text_input is_empty\" type=\"text\" id=\"avia_1_1\" value=\"\" \/><\/p><p class='  form_element form_element_half' id='element_avia_2_1'><label for=\"avia_2_1\">Nachname <abbr class=\"required\" title=\"ben\u00f6tigt\">*<\/abbr><\/label> <input name=\"avia_2_1\" class=\"text_input is_empty\" type=\"text\" id=\"avia_2_1\" value=\"\" \/><\/p><p class='  first_form  form_element form_element_half' id='element_avia_3_1'><label for=\"avia_3_1\">Unternehmen \/ Organisation <abbr class=\"required\" title=\"ben\u00f6tigt\">*<\/abbr><\/label> <input name=\"avia_3_1\" class=\"text_input is_empty\" type=\"text\" id=\"avia_3_1\" value=\"\" \/><\/p><p class='  form_element form_element_third' id='element_avia_4_1'><label for=\"avia_4_1\">Ort<\/label> <input name=\"avia_4_1\" class=\"text_input \" type=\"text\" id=\"avia_4_1\" value=\"\" \/><\/p><p class='  first_form  form_element form_element_half' id='element_avia_5_1'><label for=\"avia_5_1\">E-Mail <abbr class=\"required\" title=\"ben\u00f6tigt\">*<\/abbr><\/label> <input name=\"avia_5_1\" class=\"text_input is_email\" type=\"text\" id=\"avia_5_1\" value=\"\" \/><\/p><p class='  form_element form_element_half' id='element_avia_6_1'><label for=\"avia_6_1\">Telefon<\/label> <input name=\"avia_6_1\" class=\"text_input \" type=\"text\" id=\"avia_6_1\" value=\"\" \/><\/p><div id='avia_7_1' class='av-form-text'><\/p>\n<h3>Angebot anfordern<\/h3>\n<p>\n<\/div><p class='  first_form  form_element form_fullwidth' id='element_avia_8_1'><label for=\"avia_8_1\">Produkt ausw\u00e4hlen<\/label><select  name=\"avia_8_1\" class=\"select \" id=\"avia_8_1\"><option   value='-- bitte ausw\u00e4hlen --'>-- bitte ausw\u00e4hlen --<\/option><option   value='SafeToGo'>SafeToGo<\/option><option   value='SafeToGo Solo'>SafeToGo Solo<\/option><option   value='DataLocker Sentry ONE'>DataLocker Sentry ONE<\/option><option   value='DataLocker Sentry 5'>DataLocker Sentry 5<\/option><option   value='DataLocker Sentry K350'>DataLocker Sentry K350<\/option><option   value='DataLocker DL3'>DataLocker DL3<\/option><option   value='DataLocker DL4 FE'>DataLocker DL4 FE<\/option><option   value='DataLocker H300'>DataLocker H300<\/option><option   value='DataLocker H350'>DataLocker H350<\/option><option   value='Digittrade RS256 RFID'>Digittrade RS256 RFID<\/option><option   value='Digittrade HS256 S3'>Digittrade HS256 S3<\/option><option   value='ECOS SecureBootStick CL'>ECOS SecureBootStick CL<\/option><option   value='ECOS SecureBootStick HE'>ECOS SecureBootStick HE<\/option><option   value='ECOS SecureBootStick SX'>ECOS SecureBootStick SX<\/option><option   value='ECOS SecureBootStick FX'>ECOS SecureBootStick FX<\/option><option   value='ECOS SecureBootStick GX'>ECOS SecureBootStick GX<\/option><option   value='ECOS SecureBootStick ZX (NATO\/EU)'>ECOS SecureBootStick ZX (NATO\/EU)<\/option><option   value='FortiGate Firewall 60F'>FortiGate Firewall 60F<\/option><option   value='GateKepper Halberd Token'>GateKepper Halberd Token<\/option><option   value='GateKeeper Enterprise Software'>GateKeeper Enterprise Software<\/option><option   value='iStorage Datashur'>iStorage Datashur<\/option><option   value='iStorage Datashur Pro\/Pro2'>iStorage Datashur Pro\/Pro2<\/option><option   value='IronKey Vault Privacy 50'>IronKey Vault Privacy 50<\/option><option   value='IronKey D300'>IronKey D300<\/option><option   value='IronKey Keypad 200'>IronKey Keypad 200<\/option><option   value='KOBRA Basic'>KOBRA Basic<\/option><option   value='KOBRA VS'>KOBRA VS<\/option><option   value='KOBRA DRIVE VS'>KOBRA DRIVE VS<\/option><option   value='VSMoxa NPort 5110'>VSMoxa NPort 5110<\/option><option   value='MC55iw Modem'>MC55iw Modem<\/option><option   value='NEOWAVE Badgeo Samrtcard'>NEOWAVE Badgeo Samrtcard<\/option><option   value='NEOWAVE Badgeo Smardcard printable'>NEOWAVE Badgeo Smardcard printable<\/option><option   value='NEOWAVE Winkeo FIDO2 Token'>NEOWAVE Winkeo FIDO2 Token<\/option><option   value='NEOWAVE Linkeo Smartcard Reader'>NEOWAVE Linkeo Smartcard Reader<\/option><option   value='NetSupport Manager IT-Fernwartung'>NetSupport Manager IT-Fernwartung<\/option><option   value='NetSupport Notify Alarmierungssoftware'>NetSupport Notify Alarmierungssoftware<\/option><option   value='NetSupport School Schulsoftware'>NetSupport School Schulsoftware<\/option><option   value='Origin SC100'>Origin SC100<\/option><option   value='PortBlocker Software'>PortBlocker Software<\/option><option   value='SafeConsole USB Software'>SafeConsole USB Software<\/option><option   value='SecurAccess MFA Software'>SecurAccess MFA Software<\/option><option   value='SecurEnvoy Authenticator Card'>SecurEnvoy Authenticator Card<\/option><option   value='YubiKey 5 NFC'>YubiKey 5 NFC<\/option><option   value='YubiKey 5 Nano'>YubiKey 5 Nano<\/option><option   value='YubiKey 5C'>YubiKey 5C<\/option><option   value='YubiKey 5C Nano'>YubiKey 5C Nano<\/option><option   value='YubiKey 5Ci'>YubiKey 5Ci<\/option><option   value='YubiKey Bio'>YubiKey Bio<\/option><\/select><\/p><p class='  first_form  form_element form_element_half' id='element_avia_9_1'><label for=\"avia_9_1\">Weitere Angaben, z.B. Kapazit\u00e4t &amp; St\u00fcckzahl<\/label> <input name=\"avia_9_1\" class=\"text_input \" type=\"text\" id=\"avia_9_1\" value=\"\" \/><\/p><p class='  first_form  form_element form_fullwidth av-last-visible-form-element' id='element_avia_10_1'><label for=\"avia_10_1\" class=\"textare_label hidden textare_label_avia_10_1\">Ihre Nachricht an uns<\/label><textarea  name=\"avia_10_1\" class=\"text_area \" cols=\"40\" rows=\"7\" id=\"avia_10_1\" ><\/textarea><\/p><p class=\"hidden\"><input type=\"text\" name=\"avia_11_1\" class=\"hidden \" id=\"avia_11_1\" value=\"\" \/><\/p><p class=\"form_element \"><input type=\"hidden\" value=\"1\" name=\"avia_generated_form1\" \/><input type=\"submit\" value=\"Senden\" class=\"button\"  data-sending-label=\"Sende\"\/><\/p><\/fieldset><\/form><div id=\"ajaxresponse_1\" class=\"ajaxresponse ajaxresponse_1 hidden\"><\/div><\/p>\n","protected":false},"excerpt":{"rendered":"","protected":false},"author":4,"featured_media":0,"parent":4515,"menu_order":0,"comment_status":"open","ping_status":"open","template":"","meta":{"footnotes":""},"class_list":["post-4240","page","type-page","status-publish","hentry"],"_links":{"self":[{"href":"https:\/\/www.prosoft.de\/shop\/wp-json\/wp\/v2\/pages\/4240","targetHints":{"allow":["GET"]}}],"collection":[{"href":"https:\/\/www.prosoft.de\/shop\/wp-json\/wp\/v2\/pages"}],"about":[{"href":"https:\/\/www.prosoft.de\/shop\/wp-json\/wp\/v2\/types\/page"}],"author":[{"embeddable":true,"href":"https:\/\/www.prosoft.de\/shop\/wp-json\/wp\/v2\/users\/4"}],"replies":[{"embeddable":true,"href":"https:\/\/www.prosoft.de\/shop\/wp-json\/wp\/v2\/comments?post=4240"}],"version-history":[{"count":88,"href":"https:\/\/www.prosoft.de\/shop\/wp-json\/wp\/v2\/pages\/4240\/revisions"}],"predecessor-version":[{"id":483733,"href":"https:\/\/www.prosoft.de\/shop\/wp-json\/wp\/v2\/pages\/4240\/revisions\/483733"}],"up":[{"embeddable":true,"href":"https:\/\/www.prosoft.de\/shop\/wp-json\/wp\/v2\/pages\/4515"}],"wp:attachment":[{"href":"https:\/\/www.prosoft.de\/shop\/wp-json\/wp\/v2\/media?parent=4240"}],"curies":[{"name":"wp","href":"https:\/\/api.w.org\/{rel}","templated":true}]}}