{"id":3476,"date":"2014-09-04T22:45:47","date_gmt":"2014-09-04T20:45:47","guid":{"rendered":"http:\/\/wordpress.p235598.webspaceconfig.de\/?product=festplatte-2"},"modified":"2026-04-01T10:41:09","modified_gmt":"2026-04-01T08:41:09","slug":"digittrade-rs256-rfid-online-bestellen","status":"publish","type":"product","link":"https:\/\/www.prosoft.de\/shop\/produkt\/digittrade-rs256-rfid-online-bestellen\/","title":{"rendered":"Digittrade RS256 RFID HDD"},"content":{"rendered":"<p>Die externe <strong>Digittrade RS256 RFID<\/strong> 2,5\u201c Festplatte HDD (USB 3.0) sch\u00fctzt durch die 256-Bit AES Hardwareverschl\u00fcsselung alle gespeicherten Daten sicher vor fremden Zugriffen. Der dabei verwendete XTS-Modus stellt eine noch h\u00f6here Sicherheit bereit als die Modi ECB oder CBC. Der Zugriff auf die Festplatte ist nur durch die mitgelieferten RFID-Schl\u00fcssel m\u00f6glich. Ein RFID-Leseger\u00e4t ist im Geh\u00e4use integriert. Um die Festplatte zu entsperren, gen\u00fcgt es, den RFID Schl\u00fcssel (Transponder) \u00fcber das in das Festplattengeh\u00e4use integrierte RFID-Leseger\u00e4t zu halten. Der Status (aktiviert\/deaktiviert) wird Ihnen jeweils \u00fcber Leuchtdioden angezeigt.<\/p>\n<h3>Digittrade RS256 RFID HDD<\/h3>\n<p>Das robuste Aluminiumcover und die Silikon-Anti-Shok Protektoren sch\u00fctzen die Festplatte vor mechanischen Einfl\u00fcssen, Ersch\u00fctterungen und elektromagnetischen Strahlen. Digittrade bietet 2 Jahre Herstellergarantie. Die HDD ist in den Kapazit\u00e4ten 500 GB, 1 TB, 2 TB und 4 TB lieferbar.<\/p>\n<p>Sch\u00fctzen Sie Ihre Daten durch die Digittrade RS256 RFID Festplatte. Neben der 256-Bit-AES Hardwareverschl\u00fcsselung im hochsicheren XTS-Modus sorgt der Zugriffsschutz \u00fcber RFID Schl\u00fcssel vor unbefugtem Datenzugriff.<\/p>\n<p>Die Digittrade RS256 RFID ist in einem robusten Aluminium Geh\u00e4use mit zus\u00e4tzlichen Silikonprotektoren eingebaut. Die Daten\u00fcbertragung und die Stromversorgung \u00fcber USB sowie die Hardwareverschl\u00fcsselung erm\u00f6glichen die Verwendung des Speichermediums unabh\u00e4ngig vom Betriebssystem. Diese Festplatten mit Hardwareverschl\u00fcsselung sind unabh\u00e4ngig von Betriebssystemen und bootf\u00e4hig.<\/p>\n<p>Im Lieferumfang sind neben der verschl\u00fcsselten Festplatte auch zwei RFID-Transponder, ein USB-Kabel und eine Transporttasche enthalten. Mehr Informationen finden Sie auch im <a href=\"https:\/\/www.prosoft.de\/shop\/wp-content\/uploads\/2020\/12\/Datenbaltt_DG_RS_256.pdf\" target=\"_blank\" rel=\"noopener noreferrer\">Datenblatt<\/a><\/p>\n<p>Der deutsche Hersteller Digittrade hat mit den Modellen <a href=\"https:\/\/www.prosoft.de\/shop\/produkt\/digittrade-hs256s-ssd-online-bestellen\/\" target=\"_blank\" rel=\"noopener noreferrer\">HS256S SSD<\/a> und <a href=\"https:\/\/www.prosoft.de\/shop\/produkt\/digittrade-hs256-s3-bei-prosecurity-bestellen\/\" target=\"_blank\" rel=\"noopener noreferrer\">HS256 S3<\/a> weitere hochsichere Modelle mit Zwei-Faktor-Zugriffsschutz und Zertifizierungen bis hin zur BSI-Zertifizierung im Angebot. Alternativ finden Sie bei ProSecurity auch die <a href=\"https:\/\/www.prosoft.de\/shop\/produkt\/digittrade-rs256-rfid-ssd-online-bestellen\/\">Digittrade RS256 RFID SSD<\/a> (aktueller Aktionspreis f\u00fcr die RS256 RFID 1 TB SSD) in den Kapazit\u00e4ten ab 1 TB bis zu 4 TB.<\/p>\n<p>Digittrade bietet drei Jahre Herstellergarantie.<\/p>\n","protected":false},"excerpt":{"rendered":"<h2>DIGITTRADE RS256 RFID &#8211; Externe 2,5\u201c HDD<\/h2>\n<p>256-Bit-AES Hardwareverschl\u00fcsselt mit RFID-Zugriffsschutz, USB 3.0, von 1 TB bis 4 TB lieferbar<\/p>\n<p><strong>Aktueller Sonderpreis f\u00fcr <a href=\"https:\/\/www.prosoft.de\/shop\/produkt\/digittrade-rs256-rfid-ssd-online-bestellen\/\">RS256 RFID 1TB SSD<\/a> <span style=\"color: #f39200;\">f\u00fcr nur 199 \u20ac<\/span><\/strong>. Hohe Performance und Speicherkapazit\u00e4t zum g\u00fcnstigen Preis!<\/p>\n<p><strong>Aufgrund der aktuellen Preisschwankungen bei IT-Speichern<\/strong> k\u00f6nnen wir keine Preise ver\u00f6ffentlichen! <strong><a href=\"https:\/\/www.prosoft.de\/shop\/service-support\/angebot-anfordern\/\">Senden Sie uns gerne eine Preisanfrage<\/a><\/strong> und Sie erhalten zeitnah eine unverbindliche Preisangabe bzw. ein unverbindliches Angebot von uns.<\/p>\n","protected":false},"featured_media":3915,"comment_status":"closed","ping_status":"closed","template":"","meta":[],"product_brand":[],"product_cat":[1303,1168,1153,1104,53],"product_tag":[1247,1094,843,1465,1249],"class_list":{"0":"post-3476","1":"product","2":"type-product","3":"status-publish","4":"has-post-thumbnail","6":"product_cat-digittrade-festplatten","7":"product_cat-digittrade-rs-256-rfid-hdd","8":"product_cat-hardware","9":"product_cat-hersteller","10":"product_cat-verschluesselte-festplatten","11":"product_tag-digittrade-rs256","12":"product_tag-externe-hdd-mit-rfid","13":"product_tag-rfid","14":"product_tag-rfid-authentifizierung","15":"product_tag-rs256-hdd","16":"pa_festplattentyp-samsung","18":"first","19":"instock","20":"taxable","21":"shipping-taxable","22":"product-type-variable"},"group_of_quantity":0,"min_quantity":0,"max_quantity":"","exclude_order_quantity_value_rules":"no","exclude_category_quantity_rules":"no","combine_variations":"no","_links":{"self":[{"href":"https:\/\/www.prosoft.de\/shop\/wp-json\/wp\/v2\/product\/3476","targetHints":{"allow":["GET"]}}],"collection":[{"href":"https:\/\/www.prosoft.de\/shop\/wp-json\/wp\/v2\/product"}],"about":[{"href":"https:\/\/www.prosoft.de\/shop\/wp-json\/wp\/v2\/types\/product"}],"replies":[{"embeddable":true,"href":"https:\/\/www.prosoft.de\/shop\/wp-json\/wp\/v2\/comments?post=3476"}],"wp:featuredmedia":[{"embeddable":true,"href":"https:\/\/www.prosoft.de\/shop\/wp-json\/wp\/v2\/media\/3915"}],"wp:attachment":[{"href":"https:\/\/www.prosoft.de\/shop\/wp-json\/wp\/v2\/media?parent=3476"}],"wp:term":[{"taxonomy":"product_brand","embeddable":true,"href":"https:\/\/www.prosoft.de\/shop\/wp-json\/wp\/v2\/product_brand?post=3476"},{"taxonomy":"product_cat","embeddable":true,"href":"https:\/\/www.prosoft.de\/shop\/wp-json\/wp\/v2\/product_cat?post=3476"},{"taxonomy":"product_tag","embeddable":true,"href":"https:\/\/www.prosoft.de\/shop\/wp-json\/wp\/v2\/product_tag?post=3476"}],"curies":[{"name":"wp","href":"https:\/\/api.w.org\/{rel}","templated":true}]}}