{"id":481111,"date":"2021-06-15T09:14:05","date_gmt":"2021-06-15T07:14:05","guid":{"rendered":"https:\/\/www.prosoft.de\/shop\/?post_type=product&#038;p=481111"},"modified":"2026-02-25T14:46:48","modified_gmt":"2026-02-25T13:46:48","slug":"neowave-winkeo-fido2","status":"publish","type":"product","link":"https:\/\/www.prosoft.de\/shop\/produkt\/neowave-winkeo-fido2\/","title":{"rendered":"Neowave Winkeo FIDO2"},"content":{"rendered":"<p>Winkeo FIDO2 ist ein Plug&#8217;n Play USB-Token f\u00fcr USB Typ-A und USB-Typ-C-Schnittstellen, der eine vereinfachte Verwaltung von Identit\u00e4ten im Web und in der Cloud erm\u00f6glicht.<\/p>\n<p><strong>Winkeo FIDO2<\/strong> entspricht sowohl dem Standard FIDO2 (FIDO2 L1-Zertifizierung) als auch \u2013 darin enthalten \u2013 FIDO U2F. Diese Standards nutzen Architekturen, die auf asymmetrischer Kryptografie und elektronischen Zertifikaten basieren. Winkeo FIDO2 ersetzt ganz einfach u. a. Ihr Windows 10 Passwort (siehe auch <a href=\"https:\/\/www.prosoft.de\/blog\/windows-anmeldung-ohne-passwort\/\" target=\"_blank\" rel=\"noopener\">Windows Anmeldung ohne Passwort<\/a>). Aber auch viele andere Applikationen, Web- und Cloud-Dienste authentifizieren Anwender sicher auch ohne Passwort. Die Verbindung des USB-A-Tokens und die Eingabe Ihrer PIN reichen aus, um sich zu verbinden (kompatibel mit Windows 10 und Azure Active Directory). Der Schl\u00fcssel enth\u00e4lt eine Smartcard-Komponente mit Common Criteria EAL5+ Zertifizierung.<\/p>\n<h2>Zu den wichtigen Funktionen von Winkeo FIDO2 z\u00e4hlen<\/h2>\n<ul>\n<li>USB-Token als Typ A (siehe Produktbild) und Typ C (siehe 2. Bild) verf\u00fcgbar<\/li>\n<li>Entspricht den FIDO2 L1 und U2F Spezifikationen<\/li>\n<li>Kapazitive Taste zur Verifizierung<\/li>\n<li>Sofortige Nutzung ohne Treiber<\/li>\n<li>Kryptoalgorithmus ECC P-256<\/li>\n<li>PIN zwischen 4 und 63 Bytes<\/li>\n<li>Maximal 8 Fehlversuche bei Passworteingaben; Schutz vor Brute-Force-Angriffen<\/li>\n<li>Bis zu 1024 Anmeldeinformationen m\u00f6glich<\/li>\n<li>Individualisierbar (Logo, Firmenname, eindeutige Seriennummer<\/li>\n<li>2 Jahre Garantie<\/li>\n<li>CE, FCC und RoHS kompatibel<\/li>\n<li>Entspricht auch den FIDO Universal 2nd Factor (U2F) Vorgaben<\/li>\n<\/ul>\n<h2>Was bedeutet FIDO?<\/h2>\n<p>Die FIDO (Fast Identity Online) Alliance ist eine nicht kommerzielle Allianz aus verschiedenen Unternehmen, die das Ziel hat, offene und lizenzfreie Industriestandards f\u00fcr Authentifizierungen zu definieren und zu entwickeln. <strong>FIDO U2F<\/strong> ist ein offener Standard f\u00fcr sichere \u00abtreiberlose\u00bb Anmeldungen bei Web-Diensten, die diesen Standard unterst\u00fctzen. FIDO Universal 2nd Factor (U2F) entspricht vollst\u00e4ndig den Vorgaben einer Zwei-Faktor-Authentifizierung. Das \u00abUniversal\u00bb in FIDO U2F bedeutet, dass sichere Anmeldungen mithilfe von <a href=\"https:\/\/www.prosoft.de\/loesungen\/sichere-authentifizierung\/hardware-token\/\" target=\"_blank\" rel=\"noopener\">Hardware Token<\/a>, Soft-Token und Fingerabdruckscannern \u00fcber USB, NFC oder Bluetooth LE-Technologie f\u00fcr eine beliebige Anzahl von Webseiten durchgef\u00fchrt werden k\u00f6nnen.<\/p>\n<p>FIDO 2 ist eine Ableitung von U2F und erlaubt eine starke \u00ab<strong>passwortlose<\/strong>\u00bb Mehrfaktor-Authentifizierung. <strong>FIDO 2<\/strong> (siehe Winkeo FIDO2), das auf asymmetrischer Verschl\u00fcsselung basiert und biometrische Merkmale, Hardware-Keys, Smartcards und TPM-Module als zweiten Faktor nutzt. FIDO2 soll <em>passwortlose<\/em> Authentifizierung sicherer und benutzerfreundlicher machen, als <em>passwortbasierte<\/em> Anmeldungen. Durch den Wegfall von Passw\u00f6rtern ergeben sich weitere Vorteile. Viele Web-Dienste wie Salesforce, Google, Office 365, Betriebssysteme wie Android und Windows 10 sowie Edge-, Chrome- und Firefox-Browser sind kompatibel mit diesem Standard. Beide Standards bieten einen besonderen Zusatzschutz, da f\u00fcr Angriffe immer der physische Zugriff auf den Sicherheitsschl\u00fcssel erforderlich ist.<\/p>\n<h3>Mehr erfahren<\/h3>\n<ul>\n<li><a href=\"https:\/\/www.prosoft.de\/shop\/wp-content\/uploads\/2021\/03\/Winkeo-FIDO2-EN.pdf\">Datenblatt Winkeo FIDO2<\/a> (engl.)<\/li>\n<li><a href=\"https:\/\/youtu.be\/37WCBLRmoPw\" target=\"_blank\" rel=\"noopener noreferrer\">Video<\/a>: Windows 10 mit Winkeo FIDO absichern<\/li>\n<li><a href=\"https:\/\/www.prosoft.de\/loesungen\/sichere-authentifizierung\/hardware-token\/\" target=\"_blank\" rel=\"noopener\">Hardware Token<\/a> bei ProSoft<\/li>\n<li>Blogbeitrag <a href=\"https:\/\/www.prosoft.de\/blog\/windows-anmeldung-ohne-passwort\/\" target=\"_blank\" rel=\"noopener\">Windows Anmeldung ohne Passwort<\/a><\/li>\n<li>L\u00f6sungen f\u00fcr <a href=\"https:\/\/www.prosoft.de\/loesungen\/sichere-authentifizierung\/\" target=\"_blank\" rel=\"noopener\">sichere Authentifizierung<\/a> bei ProSoft<\/li>\n<\/ul>\n<p>&nbsp;<\/p>\n","protected":false},"excerpt":{"rendered":"<h2>USB-Token f\u00fcr starke Authentifizierung gem\u00e4\u00df dem FIDO2 Protokoll<\/h2>\n<p>Der Hersteller NEOWAVE aus Frankreich bietet mit den USB-Token <strong>Winkeo FIDO2 Token<\/strong> starke Authentifizierungsl\u00f6sungen gem\u00e4\u00df den Vorgaben der FIDO Alliance an. Damit erreichen Sie benutzerfreundliche Sicherheit und Schutz vor Phishing und Passwortdiebstahl. Die preiswerten FIDO2-Token f\u00fcr <strong>USB-A<\/strong> und <b>USB\u2011C\u2011Schnittstelle<\/b>\u00a0haben das Label der franz\u00f6sischen Cybersecurity-Agentur. Hinweis: Der NEOWAVE Winkeo FIDO U2F wird wegen fehlender Kompatibilit\u00e4t zu Windows 11 nicht mehr angeboten.<\/p>\n<p>Neowave bietet <strong>digitale Souver\u00e4nit\u00e4t &amp; Cybersecurity \u2013 Made in Europe<\/strong>!<\/p>\n<p>Die Modelle FIDO2 &amp; QSCD sind nicht mehr verf\u00fcgbar!<br \/>\nSonderpreis bei <strong>Winkeo FIDO2 USB-A<\/strong>. Ca. 25 % Rabatt: <strong>14,95 \u20ac<\/strong> anstatt 19,92 \u20ac!<\/p>\n","protected":false},"featured_media":480847,"comment_status":"open","ping_status":"closed","template":"","meta":[],"product_brand":[],"product_cat":[270,367,1296,272,930,1271],"product_tag":[1072,1285,974,1274,931,1275,894,376],"class_list":{"0":"post-481111","1":"product","2":"type-product","3":"status-publish","4":"has-post-thumbnail","6":"product_cat-angebote","7":"product_cat-exklusiv-bei-prosecurity","8":"product_cat-neowave","9":"product_cat-neu-im-sortiment","10":"product_cat-security-token","11":"product_cat-winkeo","12":"product_tag-fido2","13":"product_tag-fido2-token","14":"product_tag-hardware-token","15":"product_tag-mehr-faktor-authentifizierung","16":"product_tag-mehrfaktor-authentifizierung","17":"product_tag-passwortlose-authentifizierung","18":"product_tag-usb-token","19":"product_tag-zwei-faktor-authentifizierung","21":"first","22":"instock","23":"sale","24":"taxable","25":"shipping-taxable","26":"purchasable","27":"product-type-variable"},"group_of_quantity":0,"min_quantity":3,"max_quantity":"","exclude_order_quantity_value_rules":"no","exclude_category_quantity_rules":"no","combine_variations":"no","_links":{"self":[{"href":"https:\/\/www.prosoft.de\/shop\/wp-json\/wp\/v2\/product\/481111","targetHints":{"allow":["GET"]}}],"collection":[{"href":"https:\/\/www.prosoft.de\/shop\/wp-json\/wp\/v2\/product"}],"about":[{"href":"https:\/\/www.prosoft.de\/shop\/wp-json\/wp\/v2\/types\/product"}],"replies":[{"embeddable":true,"href":"https:\/\/www.prosoft.de\/shop\/wp-json\/wp\/v2\/comments?post=481111"}],"wp:featuredmedia":[{"embeddable":true,"href":"https:\/\/www.prosoft.de\/shop\/wp-json\/wp\/v2\/media\/480847"}],"wp:attachment":[{"href":"https:\/\/www.prosoft.de\/shop\/wp-json\/wp\/v2\/media?parent=481111"}],"wp:term":[{"taxonomy":"product_brand","embeddable":true,"href":"https:\/\/www.prosoft.de\/shop\/wp-json\/wp\/v2\/product_brand?post=481111"},{"taxonomy":"product_cat","embeddable":true,"href":"https:\/\/www.prosoft.de\/shop\/wp-json\/wp\/v2\/product_cat?post=481111"},{"taxonomy":"product_tag","embeddable":true,"href":"https:\/\/www.prosoft.de\/shop\/wp-json\/wp\/v2\/product_tag?post=481111"}],"curies":[{"name":"wp","href":"https:\/\/api.w.org\/{rel}","templated":true}]}}