{"id":483500,"date":"2025-10-21T15:35:56","date_gmt":"2025-10-21T13:35:56","guid":{"rendered":"https:\/\/www.prosoft.de\/shop\/?post_type=product&#038;p=483500"},"modified":"2025-10-24T14:38:49","modified_gmt":"2025-10-24T12:38:49","slug":"datalocker-dl-go","status":"publish","type":"product","link":"https:\/\/www.prosoft.de\/shop\/produkt\/datalocker-dl-go\/","title":{"rendered":"DataLocker DL GO"},"content":{"rendered":"<h3>Ihre Daten. Ihr Schutz. Ihre Kontrolle.<\/h3>\n<p>Mit einer 256-Bit AES XTS Hardwareverschl\u00fcsselung auf h\u00f6chstem Sicherheitsniveau sorgt der DataLocker DL GO daf\u00fcr, dass nur Sie Zugriff auf Ihre Daten haben. Alle Verschl\u00fcsselungsvorg\u00e4nge erfolgen direkt auf dem Laufwerk \u2013 v\u00f6llig unabh\u00e4ngig vom Betriebssystem. Keine Software-Installation, keine Treiber \u2013 einfach anschlie\u00dfen und sicher arbeiten. Kompatibel zu Windows und macOS. Erf\u00fcllt die Vorgaben der DSGVO, ISO 27001, HIPAA u. a.<\/p>\n<h3>Sofort einsatzbereit &amp; benutzerfreundlich<\/h3>\n<p>Der integrierte Touchscreen mit Passwort\/PIN-Eingabe macht den Zugriff einfach und intuitiv. Kompatibel mit Windows und macOS. Optional erfolgt der Zugriff \u00fcber biometrische Merkmale (Passkey; siehe unten).<\/p>\n<h3>Biometrischer Komfort durch optionale MFA<\/h3>\n<p>Schnelles Entsperren des <strong>DataLocker DL GO<\/strong> mit der integrierten Biometrie Ihres Computers (<strong>Windows Hello<\/strong>, <strong>Touch ID<\/strong>) \u2013 keine zus\u00e4tzliche Hardware oder Passw\u00f6rter erforderlich (Passkey).<\/p>\n<ul>\n<li>St\u00e4rkerer Schutz: Aktivieren Sie bei Bedarf die optionale MFA, indem Sie den hardwaregebundenen Sicherheitsschl\u00fcssel mit Ihren biometrischen Daten oder Ihrer PIN koppeln, um die MFA-Richtlinien einzuhalten.<\/li>\n<li>Einfacher Zugriff: Melden Sie sich per Gesichtserkennung oder Fingerabdruck an. F\u00fcr die t\u00e4gliche Nutzung oder die Benutzerkennwortverwaltung ist keine separate Passworteingabe erforderlich. Es gibt keine verlorenen Passw\u00f6rter oder PINs, die einen Datenverlust verursachen k\u00f6nnten.<\/li>\n<li>Schnellere Authentifizierung: Die automatische Einrichtung f\u00fcr sofortigen, problemlosen Zugriff steigert die Benutzerproduktivit\u00e4t und senkt die Betriebskosten.<\/li>\n<\/ul>\n<h3>Ebenfalls optional: Zentrale Verwaltung<\/h3>\n<p>Erweitern Sie die Sicherheitsfunktionen und die Benutzerfreundlichkeit durch die Verwaltung \u00fcber <a href=\"https:\/\/mysafeconsole.com\/\" target=\"_blank\" rel=\"noopener\">MySafeConsole<\/a>. Damit sind Funktionen, wie<\/p>\n<ul>\n<li>Wiederherstellung von Passw\u00f6rtern ohne Datenverlust<\/li>\n<li>Remote-Kill oder Remote-Lock von verlorenen oder gestohlenen USB-Sticks<\/li>\n<li>Protokollierung der Nutzung<\/li>\n<li>biometrische MFA und Google SSO m\u00f6glich.<\/li>\n<\/ul>\n<p>Sie k\u00f6nnen die Cloud-Version <a href=\"https:\/\/mysafeconsole.com\/\" target=\"_blank\" rel=\"noopener\">MySafeConsole<\/a> jederzeit unverbindlich bei DataLocker online testen. Dazu ist ein DataLocker DL GO erforderlich.<\/p>\n<h3>Robust. Elegant. Mobil.<\/h3>\n<p>Das robuste Metallgeh\u00e4use sch\u00fctzt nicht nur vor physischen Einfl\u00fcssen (IP68), sondern \u00fcberzeugt auch durch ein modernes, professionelles Design. Kompakt, leicht und sto\u00dffest \u2013 ideal f\u00fcr Gesch\u00e4ftsreisen, Au\u00dfendienst oder die sichere Datenarchivierung.<\/p>\n<p>Ob f\u00fcr Unternehmen, Beh\u00f6rden oder private Anwender \u2013 der DataLocker DL GO ist die professionelle Wahl, wenn es um den Schutz sensibler Daten geht. Bewahren Sie Ihre Informationen sicher auf \u2013 mit einem USB-Stick, der kompromisslose Sicherheit neu definiert.<\/p>\n<h3 align=\"LEFT\">Mehr Informationen<\/h3>\n<p><a href=\"https:\/\/www.prosoft.de\/shop\/wp-content\/uploads\/2025\/10\/DataLocker-DLGO-Datenblatt.pdf\">DataLocker DL GO Datenblatt<\/a> (Deutsch)<\/p>\n<p><a href=\"https:\/\/mysafeconsole.com\/\" target=\"_blank\" rel=\"noopener\">MySafeConsole<\/a> (Cloud-Version des <a href=\"https:\/\/www.prosoft.de\/loesungen\/verschluesselung\/usb-device-management\/\" target=\"_blank\" rel=\"noopener\">USB-Device-Management<\/a> SafeConsole von DataLocker)<\/p>\n","protected":false},"excerpt":{"rendered":"<h2>DataLocker DL GO \u2013 Maximale Datensicherheit in Ihrer Hand<\/h2>\n<p>Sch\u00fctzen Sie Ihre sensiblen Daten mit dem flexiblen DataLocker DL GO, der perfekten Kombination aus <strong>mobiler Flexibilit\u00e4t<\/strong> und <strong>milit\u00e4rischer Verschl\u00fcsselungstechnologie<\/strong>. Ob im B\u00fcro, unterwegs oder im Homeoffice \u2013 der DL GO ist Ihre zuverl\u00e4ssige L\u00f6sung f\u00fcr den sicheren Transport vertraulicher Informationen.<\/p>\n<p align=\"LEFT\">DL GO ist in den ausgew\u00e4hlten Kapazit\u00e4ten 4 GB, 16 GB &amp; 64 GB (NAND)\u00a0 erh\u00e4ltlich. USB-A 3.2 Gen 1 kompatibel. 5 Jahre Herstellergarantie. Wir sind DataLocker SPARK GOLD PARTNER!<\/p>\n","protected":false},"featured_media":483517,"comment_status":"open","ping_status":"closed","template":"","meta":[],"product_brand":[],"product_cat":[1173,1505,1153,1104,272,54],"product_tag":[981,412,1386,1308,585,1504,983,953],"class_list":{"0":"post-483500","1":"product","2":"type-product","3":"status-publish","4":"has-post-thumbnail","6":"product_cat-datalocker","7":"product_cat-datalocker-dl-go","8":"product_cat-hardware","9":"product_cat-hersteller","10":"product_cat-neu-im-sortiment","11":"product_cat-verschluesselte-usb-sticks","12":"product_tag-aes-256-bit-xts-modus","13":"product_tag-aes-256-bit-verschluesselung","14":"product_tag-biometrische-authentifizierung","15":"product_tag-datalocker","16":"product_tag-fips-zertifiziert","17":"product_tag-ip68-zertifiziert","18":"product_tag-managebar","19":"product_tag-safeconsole-ready","21":"first","22":"instock","23":"taxable","24":"shipping-taxable","25":"purchasable","26":"product-type-variable"},"group_of_quantity":0,"min_quantity":0,"max_quantity":"","exclude_order_quantity_value_rules":"no","exclude_category_quantity_rules":"no","combine_variations":"no","_links":{"self":[{"href":"https:\/\/www.prosoft.de\/shop\/wp-json\/wp\/v2\/product\/483500","targetHints":{"allow":["GET"]}}],"collection":[{"href":"https:\/\/www.prosoft.de\/shop\/wp-json\/wp\/v2\/product"}],"about":[{"href":"https:\/\/www.prosoft.de\/shop\/wp-json\/wp\/v2\/types\/product"}],"replies":[{"embeddable":true,"href":"https:\/\/www.prosoft.de\/shop\/wp-json\/wp\/v2\/comments?post=483500"}],"wp:featuredmedia":[{"embeddable":true,"href":"https:\/\/www.prosoft.de\/shop\/wp-json\/wp\/v2\/media\/483517"}],"wp:attachment":[{"href":"https:\/\/www.prosoft.de\/shop\/wp-json\/wp\/v2\/media?parent=483500"}],"wp:term":[{"taxonomy":"product_brand","embeddable":true,"href":"https:\/\/www.prosoft.de\/shop\/wp-json\/wp\/v2\/product_brand?post=483500"},{"taxonomy":"product_cat","embeddable":true,"href":"https:\/\/www.prosoft.de\/shop\/wp-json\/wp\/v2\/product_cat?post=483500"},{"taxonomy":"product_tag","embeddable":true,"href":"https:\/\/www.prosoft.de\/shop\/wp-json\/wp\/v2\/product_tag?post=483500"}],"curies":[{"name":"wp","href":"https:\/\/api.w.org\/{rel}","templated":true}]}}