{"id":6353,"date":"2016-04-21T13:12:35","date_gmt":"2016-04-21T11:12:35","guid":{"rendered":"https:\/\/www.prosoft.de\/shop\/produkt\/ironkey-s1000\/"},"modified":"2025-01-27T13:56:27","modified_gmt":"2025-01-27T12:56:27","slug":"ironkey-s1000-online-bestellen","status":"publish","type":"product","link":"https:\/\/www.prosoft.de\/shop\/produkt\/ironkey-s1000-online-bestellen\/","title":{"rendered":"IronKey S1000"},"content":{"rendered":"<h2>IronKey S1000<\/h2>\n<p>Der IronKey S1000 ist ein hochsicherer FIPS-zertifizierter und hardwareverschl\u00fcsselter USB 3.0-Flashspeicher. Die hochwertige Verarbeitung und die verbauten Komponenten machen diesen USB-Stick zu einem hochsicheren mobilen Datensafe.<\/p>\n<h2>HighEnd USB-Stick \u2013 die Highlights<\/h2>\n<ul>\n<li>Dual Channel MLC Flash mit den zurzeit h\u00f6chsten Datentransferraten bei hardwareverschl\u00fcsselten USB-Sticks (bis zu 400 MB\/S Lesen, 300 MB\/s Schreiben)<\/li>\n<li>Hohe FIPS 140-2 Level 3 Zertifizierung<\/li>\n<li>Wasserdicht, sto\u00dffest, staubdicht (MIL-STD-810F)<\/li>\n<li>Virtuelle Tastatur zur Passworteingabe m\u00f6glich, lokales Backup unter Windows<\/li>\n<li>Limitierte Anzahl hintereinander falsch eingegebener Passw\u00f6rter, danach Zerst\u00f6rung von USB-Stick und Daten<\/li>\n<li>Multi-Plattform Unterst\u00fctzung: Win, MAC OS und Linux, Citrix ready<\/li>\n<li>Firmware-Updates m\u00f6glich, Sicher vor BadUSB und anderen Firmware-Viren<\/li>\n<li>5 Jahre Garantie durch den Hersteller<\/li>\n<\/ul>\n<p>Das <strong>Enterprise Management<\/strong> wird seit 21. M\u00e4rz 2019 nur noch als Enterprise Management Service (EMS-Cloud) angeboten und ist f\u00fcr Enterprise USB-Sticks, Enterprise Festplatten und Enterprise Flash Laufwerke obligatorisch. Die hier angebotene Basic-Variante kann auch ohne zentrales Enterprise Management eingesetzt werden.<\/p>\n<h2>Folgende Funktionen sind im Enterprise Management enthalten:<\/h2>\n<ul>\n<li>Zentrale Verwaltung und Richtlinien f\u00fcr die Verwendung von Ironkey Enterprise Devices<\/li>\n<li>\u00dcbersicht \u00fcber alle IronKey Enterprise USB-Sticks und Festplatten inkl. Seriennummer, Kapazit\u00e4t, Status, Historie, Zuordnung zum Anwender uvm.<\/li>\n<li>Durchsetzung von Software-Updates, Richtlinien wie Vorgabe der Passwortst\u00e4rke, maximales Passwortalter, Anzahl der maximal fehlerhaften Eingaben und Nutzung von portablen Applikationen<\/li>\n<li>Aktivierung der <b>Silver Bullet <\/b>Applikationen und Funktionen wie z.B. (AutoRun) Anti-Malware, Read-only oder Backup etc. f\u00fcr alle EMS-f\u00e4higen USB-Sticks und <a href=\"https:\/\/www.prosoft.de\/loesungen\/verschluesselung\/hardwareverschluesselte-hdd-ssd\/\" target=\"_blank\" rel=\"noopener noreferrer\">Festplatten<\/a> bzw. nur f\u00fcr Gruppen<\/li>\n<li>Policy-Updates um Device-Zugriffe remote widerrufen zu k\u00f6nnen<\/li>\n<li>Wiederherstellung von Zugriffspassw\u00f6rtern inkl. Self-Password Recovery<\/li>\n<li>Remote Funktionen wie Richtlinien-Updates, Deaktivierung des Force-Modus oder Zerst\u00f6rung des Devices<\/li>\n<li>Exakte Verwaltung von Benutzern, Gruppen, Devices und Lizenzen<\/li>\n<li>M\u00f6glichkeit IronKey Devices in die Whitelist von DLP oder Endpoint-Security L\u00f6sungen zu integrieren<\/li>\n<li>EMS (Cloud) ist optional und m\u00fcssen gesondert lizenziert werden; bei Einsatz von IronKey S1000 Enterprise ist die Verwaltung mit EMS-Cloud verpflichtend<\/li>\n<\/ul>\n<h2>Weitere Informationen<\/h2>\n<ul>\n<li><a href=\"https:\/\/www.prosoft.de\/fileadmin\/user_upload\/PDF\/Hersteller\/IronKey\/IronKey_S1000_Datenblatt.pdf\" target=\"_blank\" rel=\"noopener noreferrer\">IronKey S1000 Datenblatt<\/a><\/li>\n<li><a href=\"https:\/\/www.prosoft.de\/shop\/wp-content\/uploads\/2019\/11\/MKF_501.14_secure_comparison_chart_de.pdf\" target=\"_blank\" rel=\"noopener noreferrer\">\u00dcbersicht Kingston verschl\u00fcsselte USB-Speicher<\/a><\/li>\n<li><a href=\"https:\/\/www.youtube.com\/playlist?list=PL31vD86VUg2SKscZ-vi1Z5Mh5qdRCgBYt\" target=\"_blank\" rel=\"noopener noreferrer\">Videos \u00fcber IronKey USB-Sticks und EMS<\/a><\/li>\n<\/ul>\n","protected":false},"excerpt":{"rendered":"<h2>SuperSpeed\u00a0USB 3.0 Flashspeicher<\/h2>\n<p><strong>Abverkauf von IronKey S1000 zum Sonderpreis. Nur noch wenige Kapazit\u00e4ten verf\u00fcgbar.<\/strong> Der IronKey S1000 verbindet <b>h\u00f6chste Sicherheit<\/b> (256-Bit AES on-board Verschl\u00fcsselung im XTS Modus, FIPS 140-2 Level 3 zertifiziert), <b>h\u00f6chste Transferraten <\/b>(400 MB\/s Lesen, 300 MB\/s Schreiben) und\u00a0\u00a0eine <b>robuste,\u00a0wasser- und staubdichte Bauweise<\/b> (Hergestellt aus anodisiertem Aluminium)<b>. <\/b>Der IronKey S1000 USB 3.0 Stick ist das Flaggschiff bei verschl\u00fcsselten USB-Sticks von IronKey\/Kingston. 5 Jahre Garantie durch den Hersteller.<\/p>\n","protected":false},"featured_media":6350,"comment_status":"open","ping_status":"closed","template":"","meta":[],"product_brand":[],"product_cat":[270,1153,1105,1177,54],"product_tag":[703,412,706,704],"class_list":{"0":"post-6353","1":"product","2":"type-product","3":"status-publish","4":"has-post-thumbnail","6":"product_cat-angebote","7":"product_cat-hardware","8":"product_cat-ironkey","9":"product_cat-ironkey-s1000","10":"product_cat-verschluesselte-usb-sticks","11":"product_tag-administrierbar","12":"product_tag-aes-256-bit-verschluesselung","13":"product_tag-enterprise-management-service","14":"product_tag-fips-140-2-level-3","16":"first","17":"instock","18":"sale","19":"taxable","20":"shipping-taxable","21":"purchasable","22":"product-type-variable"},"group_of_quantity":0,"min_quantity":0,"max_quantity":"","exclude_order_quantity_value_rules":"no","exclude_category_quantity_rules":"no","combine_variations":"no","_links":{"self":[{"href":"https:\/\/www.prosoft.de\/shop\/wp-json\/wp\/v2\/product\/6353","targetHints":{"allow":["GET"]}}],"collection":[{"href":"https:\/\/www.prosoft.de\/shop\/wp-json\/wp\/v2\/product"}],"about":[{"href":"https:\/\/www.prosoft.de\/shop\/wp-json\/wp\/v2\/types\/product"}],"replies":[{"embeddable":true,"href":"https:\/\/www.prosoft.de\/shop\/wp-json\/wp\/v2\/comments?post=6353"}],"wp:featuredmedia":[{"embeddable":true,"href":"https:\/\/www.prosoft.de\/shop\/wp-json\/wp\/v2\/media\/6350"}],"wp:attachment":[{"href":"https:\/\/www.prosoft.de\/shop\/wp-json\/wp\/v2\/media?parent=6353"}],"wp:term":[{"taxonomy":"product_brand","embeddable":true,"href":"https:\/\/www.prosoft.de\/shop\/wp-json\/wp\/v2\/product_brand?post=6353"},{"taxonomy":"product_cat","embeddable":true,"href":"https:\/\/www.prosoft.de\/shop\/wp-json\/wp\/v2\/product_cat?post=6353"},{"taxonomy":"product_tag","embeddable":true,"href":"https:\/\/www.prosoft.de\/shop\/wp-json\/wp\/v2\/product_tag?post=6353"}],"curies":[{"name":"wp","href":"https:\/\/api.w.org\/{rel}","templated":true}]}}