{"id":7754,"date":"2018-11-19T13:00:51","date_gmt":"2018-11-19T12:00:51","guid":{"rendered":"https:\/\/www.prosoft.de\/shop\/?post_type=product&#038;p=7754"},"modified":"2026-03-17T14:11:33","modified_gmt":"2026-03-17T13:11:33","slug":"origin-sc100-online-bestellen","status":"publish","type":"product","link":"https:\/\/www.prosoft.de\/shop\/produkt\/origin-sc100-online-bestellen\/","title":{"rendered":"Origin SC100"},"content":{"rendered":"<h3>Origin SC100<\/h3>\n<p>Der neue <strong>Origin SC100<\/strong> USB 3.0 Stick sichert alle gespeicherten Daten immer zu 100 %. Die 256-Bit AES Hardwareverschl\u00fcsselung im XTS-Modus ist auf dem sicheren USB-Stick integriert. Sie ist weder zu umgehen, noch manipulierbar. Der Datenzugriff und die Entschl\u00fcsselung erfolgen \u00fcber ein vorgeschaltetes Passwort, f\u00fcr das Mindestvorgaben gelten.\u00a0 Das Passwort wird ausschlie\u00dflich auf dem sicheren USB-Stick Origin SC 100 validiert. Wird es durch den Anwender mehr als zehnmal hintereinander falsch eingegeben, sind die Daten nicht mehr nutzbar (Ausnahme Password-Recovery Funktion \u00fcber <a href=\"https:\/\/www.prosoft.de\/shop\/produkt\/safeconsole-usb-device-management\/\">SafeConsole USB-Device-Management<\/a>). Dank der engen Kooperation von Origin Storage mit DataLocker ist der SC100 SafeConsoleReady und kann sofort oder auch nachtr\u00e4glich in das <a href=\"https:\/\/www.prosoft.de\/shop\/produkt\/safeconsole-usb-device-management\/\">SafeConsole USB-Device-Management<\/a> integriert werden. Den USB-Stick gibt es in den Kapazit\u00e4ten 16 GB, 32 GB, 64 GB und 128 GB. Die Herstellergarantie betr\u00e4gt 2 Jahre.<\/p>\n<h3><strong>Vorteile der Hardwareverschl\u00fcsselung<\/strong><\/h3>\n<p>F\u00fcr Anwender ist die problemlose Handhabung der gr\u00f6\u00dfte Vorteil der Hardwareverschl\u00fcsselung. Alle dazu notwendigen Funktionen wie die Ver- und Entschl\u00fcsselung der Daten sowie die \u00dcberpr\u00fcfung des Passworts sind in der USB-Hardware integriert. Nach Eingabe des korrekten Passworts \u00fcber eine Eingabemaske verh\u00e4lt sich der Origin SC100 wie ein \u00bbnormaler\u00ab USB-Stick. Die hohe Usability unterscheidet sich deutlich von der softwarebasierten Verschl\u00fcsselung. Hardwareverschl\u00fcsselung ist zus\u00e4tzlich auch deutlich sicherer als Softwareverschl\u00fcsselung. Der sichere USB-Stick funktioniert ohne Treiber oder Zusatzsoftware an Windows-, Mac OS- und Linux-Systemen.<\/p>\n<h3><strong>Passwortschutz beim Origin SC100<br \/>\n<\/strong><\/h3>\n<p>F\u00fcr das Zugriffspasswort gelten die Mindestvorgaben 8 Zeichen, wobei mindestens je ein Zeichen als Zahl, Gro\u00dfbuchstabe und Buchstabe gew\u00e4hlte werden muss. Bei mehr als zehn falschen Passworteingaben hintereinander wird der Schl\u00fcssel der Verschl\u00fcsselungseinheit gel\u00f6scht und die Daten k\u00f6nnen nicht mehr wiederhergestellt respektive gelesen werden. Nat\u00fcrlich k\u00f6nnen Sie den USB-Stick danach wieder neu verwenden. Dieser integrierte <strong>Schutz vor Brute-Force-Attacken<\/strong> sorgt zusammen mit der <strong>Timer-Lockdown<\/strong>-Funktion (Aut. Sperre des USB-Sticks nach xx Minuten Inaktivit\u00e4t) f\u00fcr einen kompletten Schutz der Daten. Bei Integration des verschl\u00fcsselten USB-Sticks in die SafeConsole, kann der Anwender das Passwort sicher \u00fcber die Funktion Password-Recovery selbstst\u00e4ndig ohne Datenverlust zur\u00fccksetzen.<\/p>\n<h3><strong>Kompaktes Metallgeh\u00e4use<\/strong><\/h3>\n<p>Origin SC100 ist trotz aller integrierten on Board Funktionen \u00e4u\u00dferst kompakt. Er kann auch an nebeneinander verbauten USB-Ports eingesetzt werden. Das Geh\u00e4use ist aus Metall, vermittelt einen sehr wertigen Eindruck und sch\u00fctzt den USB-Stick sowohl vor Manipulationsversuchen als auch vor mechanischen Belastungen. Alle Bauteile sind mit Epoxidharz vergossen. Dieser Zusatzschutz ist eigentlich erst f\u00fcr FIPS-zertifizierte Speicherger\u00e4te vorgeschrieben<strong>.<\/strong><\/p>\n<h3><strong>Optional SafeConsoleReady<\/strong><\/h3>\n<p>Origin SC100 l\u00e4sst sich optional in das USB-Device-Management SafeConsole integrieren. Mehr Informationen \u00fcber SafeConsole erhalten Sie <a href=\"https:\/\/www.prosoft.de\/shop\/produkt\/safeconsole-usb-device-management\/\" target=\"_blank\" rel=\"noopener noreferrer\">hier<\/a><strong>.<br \/>\n<\/strong><\/p>\n<p><strong>Mehr erfahren<\/strong><br \/>\n<a href=\"https:\/\/www.prosoft.de\/shop\/wp-content\/uploads\/2018\/11\/Datenblatt-Origin-SC100.pdf\" target=\"_blank\" rel=\"noopener noreferrer\">Origin SC100 Datenblatt<\/a><br \/>\n<a href=\"https:\/\/www.prosoft.de\/shop\/wp-content\/uploads\/2022\/09\/SafeConsole_Datenblatt_USB-Device-Management_0922.pdf\">SafeConsole Datenblatt<\/a><\/p>\n","protected":false},"excerpt":{"rendered":"<h2>Verschl\u00fcsselter USB-Stick, SafeConsoleReady<\/h2>\n<p>Der Origin SC100 ist dank 256-Bit AES Hardwareverschl\u00fcsselung und Passwortschutz mit Mindestvorgaben ein \u00e4u\u00dferst sicherer USB-Stick. Er kann ohne Treiber oder Software sofort an Windows-, macOS- und Linux-Systemen eingesetzt werden. Der Origin SC100 ist SafeConsoleReady und kann dementsprechend auch nachtr\u00e4glich zentral durch das <a href=\"https:\/\/www.prosoft.de\/shop\/produkt\/safeconsole-usb-device-management\/\">SafeConsole USB-Device Management<\/a> SafeConsole konfiguriert, verwaltet und damit auch zus\u00e4tzliche Sicherheitsfunktionen erg\u00e4nzt werden.<\/p>\n<p>Bitte beachten Sie die jeweils angegebene <strong>Mindestbestellmenge,<\/strong>\u00a0abh\u00e4ngig von der Kapazit\u00e4t!<\/p>\n","protected":false},"featured_media":7761,"comment_status":"open","ping_status":"closed","template":"","meta":[],"product_brand":[],"product_cat":[367,1153,1018,1293,54],"product_tag":[1061,1011,1503,953,1489],"class_list":{"0":"post-7754","1":"product","2":"type-product","3":"status-publish","4":"has-post-thumbnail","6":"product_cat-exklusiv-bei-prosecurity","7":"product_cat-hardware","8":"product_cat-origin-storage-bei-prosecurity","9":"product_cat-origin-sc100","10":"product_cat-verschluesselte-usb-sticks","11":"product_tag-origin","12":"product_tag-origin-sc100","13":"product_tag-origin-usb","14":"product_tag-safeconsole-ready","15":"product_tag-usb-stick-management","17":"first","18":"instock","19":"taxable","20":"shipping-taxable","21":"purchasable","22":"product-type-variable"},"group_of_quantity":0,"min_quantity":0,"max_quantity":"","exclude_order_quantity_value_rules":"no","exclude_category_quantity_rules":"no","combine_variations":"no","_links":{"self":[{"href":"https:\/\/www.prosoft.de\/shop\/wp-json\/wp\/v2\/product\/7754","targetHints":{"allow":["GET"]}}],"collection":[{"href":"https:\/\/www.prosoft.de\/shop\/wp-json\/wp\/v2\/product"}],"about":[{"href":"https:\/\/www.prosoft.de\/shop\/wp-json\/wp\/v2\/types\/product"}],"replies":[{"embeddable":true,"href":"https:\/\/www.prosoft.de\/shop\/wp-json\/wp\/v2\/comments?post=7754"}],"wp:featuredmedia":[{"embeddable":true,"href":"https:\/\/www.prosoft.de\/shop\/wp-json\/wp\/v2\/media\/7761"}],"wp:attachment":[{"href":"https:\/\/www.prosoft.de\/shop\/wp-json\/wp\/v2\/media?parent=7754"}],"wp:term":[{"taxonomy":"product_brand","embeddable":true,"href":"https:\/\/www.prosoft.de\/shop\/wp-json\/wp\/v2\/product_brand?post=7754"},{"taxonomy":"product_cat","embeddable":true,"href":"https:\/\/www.prosoft.de\/shop\/wp-json\/wp\/v2\/product_cat?post=7754"},{"taxonomy":"product_tag","embeddable":true,"href":"https:\/\/www.prosoft.de\/shop\/wp-json\/wp\/v2\/product_tag?post=7754"}],"curies":[{"name":"wp","href":"https:\/\/api.w.org\/{rel}","templated":true}]}}