{"id":8580,"date":"2019-11-04T15:34:21","date_gmt":"2019-11-04T14:34:21","guid":{"rendered":"https:\/\/www.prosoft.de\/shop\/?post_type=product&#038;p=8580"},"modified":"2026-02-04T15:53:59","modified_gmt":"2026-02-04T14:53:59","slug":"istorage_datashur_pro2","status":"publish","type":"product","link":"https:\/\/www.prosoft.de\/shop\/produkt\/istorage_datashur_pro2\/","title":{"rendered":"iStorage datAshur PRO2"},"content":{"rendered":"<p>Der <strong>iStorage datAshur PRO2<\/strong> USB 3.2 Gen 1 SuperSpeed l\u00e4sst sich leicht und sicher bedienen. Die 256-Bit AES Hardwareverschl\u00fcsselung (XTS) sorgt f\u00fcr die sichere Speicherung aller auf dem USB-Stick gespeicherten Daten. Der USB-Stick l\u00e4sst sich mittels der integrierten PIN-Tastatur durch ein 7 &#8211; 15-stelliges Passwort oder PIN auch vor der Verbindung mit dem Port des Host-Computers entsperren. Ein eingebauter, aufladbarer Lithium Polymer Akku sorgt f\u00fcr den ben\u00f6tigen Strom. Dank dieser Funktion ist ein Einsatz auch an Ger\u00e4ten ohne eigene Tastatur (Embedded System) sowie an Thin-Clients m\u00f6glich. Der USB 3.2-Stick von <a href=\"https:\/\/www.prosoft.de\/loesungen\/verschluesselung\/verschluesselte-usb-sticks\/#c6867\" target=\"_blank\" rel=\"noopener\">iStorage<\/a> ist auf allen relevanten Plattformen (u. a. auf macOS, Linux, Android, ChromeOS, Citrix, VMware \u2026) einsetzbar. Die mitgelieferte H\u00fclle sch\u00fctzt den USB-Stick beim Transport vor Besch\u00e4digung.<\/p>\n<h3>Brute-Force Protection bei iStorage datAshur PRO2<\/h3>\n<p>Nach 10 falschen PIN-Eingaben wird der Datenzugriff auf den USB-Flashspeicher gesperrt. Mittels einer von einem Administrator vorher definierten Super-PIN, kann der USB-Stick wieder freigeschaltet werden. Wird die Super-PIN ebenfalls 10-mal falsch eingegeben, wird der Chiffrierschl\u00fcssel gel\u00f6scht und damit auch die gespeicherten Daten.<\/p>\n<h3>Benutzer-PIN-Registrierung<\/h3>\n<p>Der Administrator kann Richtlinien f\u00fcr PIN\/Passwort, wie z. B. die Mindestl\u00e4nge oder die Verwendung von Sonderzeichen, festlegen. Sonderzeichen k\u00f6nnen mittels Umschalttaste + Ziffer eingegeben werden.<\/p>\n<h3>One-time User Recovery PIN<\/h3>\n<p>Vergisst der Benutzer die Zugriffs-PIN, kann der Administrator das Passwort \u00fcber eine Super-PIN wieder zur\u00fccksetzen. Der User kann das Passwort dann erneut vergeben. Wir m\u00f6chten darauf hinweisen, dass diese Funktion bei unseren anderen Angeboten von hardwareverschl\u00fcsselten USB-Sticks bewusst nicht m\u00f6glich ist, da ein vergessener oder gefundener USB-Stick durch den Finder \u00fcber den Administrator wieder freigeschaltet werden kann. Jeder datAshur kann vollst\u00e4ndig zur\u00fcckgesetzt und an einen anderen Mitarbeiter \u00fcbergeben werden.<\/p>\n<h3>Reset-Funktion<\/h3>\n<p>Es ist m\u00f6glich, den datAshur mehrfach auf die Werkseinstellung zur\u00fcckzusetzen und danach erneut zu verwenden. Dabei werden alle PINs und die gespeicherten Daten gel\u00f6scht.<\/p>\n<h3>Whitelisting<\/h3>\n<p>Der PRO2 wird mit einer eindeutigen VID \/ PID, sowie einer internen \/ externen Seriennummer als Barcode geliefert. Damit ist die einfache Integration in Endpoint-Security und <a href=\"https:\/\/www.prosoft.de\/shop\/produkt\/datalocker-portblocker-online-bestellen\/\">Data Loss Prevention<\/a> (DLP) L\u00f6sungen aller Hersteller durch Whitelisting m\u00f6glich.<\/p>\n<p>Bei ProSecurity finden Sie auch alle anderen <a href=\"https:\/\/www.prosoft.de\/shop\/hardware\/verschluesselte-usb-sticks\/\">verschl\u00fcsselten USB-Sticks<\/a> von iStorage (z. B. PRO &amp; PRO+C)<\/p>\n<p><strong>Weitere Informationen<\/strong><\/p>\n<ul>\n<li><a href=\"https:\/\/www.prosoft.de\/shop\/wp-content\/uploads\/2019\/11\/iStorage-datAshur-Pro2_datasheet_v6.pdf\" target=\"_blank\" rel=\"noopener noreferrer\">iStorage datAshur PRO2 &#8211; Datenblatt (Englisch)<\/a><\/li>\n<\/ul>\n<p>&nbsp;<\/p>\n","protected":false},"excerpt":{"rendered":"<h2>Das Flaggschiff von iStorage<\/h2>\n<p>Durch die integrierte Tastatur zur PIN\/Passwort Eingabe und den eingebauten Akku ist der USB-Flashspeicher <strong>iStorage datAshur PRO2<\/strong> sehr flexibel in der Anwendung. PIN bzw. Passwort k\u00f6nnen auch vor der Verbindung mit dem Host eingegeben werden. Das erh\u00f6ht die Sicherheit und entlastet auch die mechanische Beanspruchung des USB-Ports. Zus\u00e4tzlich ist er f\u00fcr den Einsatz an Embedded-Systemen, Thin-Clients und Tablets bestens geeignet. Mit einer 256-Bit AES (XTS) Hardwareverschl\u00fcsselung und einer FIPS 140-2 Level 3 Zertifizierung erreicht dieser die h\u00f6chste Sicherheitsstufe auf Milit\u00e4rniveau. Der USB-Stick datAshur PRO2 ist in den Kapazit\u00e4ten von <strong>4 GB <\/strong>bis <strong>512 GB<\/strong> erh\u00e4ltlich.<\/p>\n<p><strong>Aktuelle Angebote bei den Kapazit\u00e4ten 4 GB, 16 GB, 32 GB und 256 GB (solange Vorrat reicht)!<\/strong><\/p>\n<p>&nbsp;<\/p>\n","protected":false},"featured_media":8592,"comment_status":"open","ping_status":"closed","template":"","meta":[],"product_brand":[],"product_cat":[1106,1179,271,54],"product_tag":[981,1326,585,1325,769,1135,823],"class_list":{"0":"post-8580","1":"product","2":"type-product","3":"status-publish","4":"has-post-thumbnail","6":"product_cat-istorage","7":"product_cat-istorage-datashur-pro2","8":"product_cat-top-seller","9":"product_cat-verschluesselte-usb-sticks","10":"product_tag-aes-256-bit-xts-modus","11":"product_tag-datashur","12":"product_tag-fips-zertifiziert","13":"product_tag-istorage","14":"product_tag-istorage-datashur-pro-3-0","15":"product_tag-usb-3-2","16":"product_tag-usb-stick-mit-pin-tastatur","17":"product_shipping_class-versandkostenfreie-lieferung","19":"first","20":"instock","21":"sale","22":"taxable","23":"shipping-taxable","24":"purchasable","25":"product-type-variable"},"group_of_quantity":0,"min_quantity":0,"max_quantity":"","exclude_order_quantity_value_rules":"no","exclude_category_quantity_rules":"no","combine_variations":"no","_links":{"self":[{"href":"https:\/\/www.prosoft.de\/shop\/wp-json\/wp\/v2\/product\/8580","targetHints":{"allow":["GET"]}}],"collection":[{"href":"https:\/\/www.prosoft.de\/shop\/wp-json\/wp\/v2\/product"}],"about":[{"href":"https:\/\/www.prosoft.de\/shop\/wp-json\/wp\/v2\/types\/product"}],"replies":[{"embeddable":true,"href":"https:\/\/www.prosoft.de\/shop\/wp-json\/wp\/v2\/comments?post=8580"}],"wp:featuredmedia":[{"embeddable":true,"href":"https:\/\/www.prosoft.de\/shop\/wp-json\/wp\/v2\/media\/8592"}],"wp:attachment":[{"href":"https:\/\/www.prosoft.de\/shop\/wp-json\/wp\/v2\/media?parent=8580"}],"wp:term":[{"taxonomy":"product_brand","embeddable":true,"href":"https:\/\/www.prosoft.de\/shop\/wp-json\/wp\/v2\/product_brand?post=8580"},{"taxonomy":"product_cat","embeddable":true,"href":"https:\/\/www.prosoft.de\/shop\/wp-json\/wp\/v2\/product_cat?post=8580"},{"taxonomy":"product_tag","embeddable":true,"href":"https:\/\/www.prosoft.de\/shop\/wp-json\/wp\/v2\/product_tag?post=8580"}],"curies":[{"name":"wp","href":"https:\/\/api.w.org\/{rel}","templated":true}]}}